{"id":89,"date":"2016-03-09T13:21:43","date_gmt":"2016-03-09T12:21:43","guid":{"rendered":"http:\/\/maitallurgie.be\/?page_id=89"},"modified":"2016-03-09T13:21:43","modified_gmt":"2016-03-09T12:21:43","slug":"quest-ce-que-maitallurgie","status":"publish","type":"page","link":"https:\/\/maitallurgie.be\/2016\/quest-ce-que-maitallurgie\/","title":{"rendered":"Qu&rsquo;est ce que MAI&rsquo;tallurgie ?"},"content":{"rendered":"<p style=\"text-align: center;\"><img loading=\"lazy\" decoding=\"async\" class=\"aligncenter wp-image-204 size-full\" src=\"http:\/\/maitallurgie.be\/wp-content\/uploads\/2016\/03\/maitall.jpg\" alt=\"maitall\" width=\"1500\" height=\"1075\" srcset=\"https:\/\/maitallurgie.be\/2016\/wp-content\/uploads\/2016\/03\/maitall.jpg 1500w, https:\/\/maitallurgie.be\/2016\/wp-content\/uploads\/2016\/03\/maitall-300x215.jpg 300w\" sizes=\"auto, (max-width: 709px) 85vw, (max-width: 909px) 67vw, (max-width: 1362px) 62vw, 840px\" \/><\/p>\n<p>&nbsp;<\/p>\n<p>Une semaine d\u2019\u00e9v\u00e8nements sociaux, culturels et artistiques.<\/p>\n<p>Mais une ann\u00e9e\u00a0 pour \u2026<\/p>\n<p>Construire\u00a0 \u2013 S\u2019exprimer<\/p>\n<p>S\u2019instruire- Se souvenir<\/p>\n<p>Sensibiliser \u2013 Valoriser<\/p>\n<p>Participer \u2013 Rassembler R\u00eaver<\/p>\n<h1>Art et culture<\/h1>\n<p>On pourrait croire que la culture populaire a \u00e9t\u00e9 r\u00e9duite \u00e0 n\u00e9ant par l\u2019envahissement des industries du divertissement\u2026 Pourtant des citoyens de toutes origines, issus de toutes classes sociales ont envie de dire, de faire partager leurs joies, leurs peines, leurs visions du monde, de parler de leurs pass\u00e9s, pr\u00e9sents et\u00a0 futurs. Et quand ils font appel \u00e0 des artistes pour les aider \u00e0 mettre en forme leurs id\u00e9es, le monde culturel a le devoir de leur r\u00e9pondre, d\u2019\u00eatre \u00e0 leur service, pour aller plus loin gr\u00e2ce \u00e0 l\u2019apprentissage de formes nouvelles pour eux.<\/p>\n<h1>Finalit\u00e9s<\/h1>\n<ul>\n<li>D\u00e9velopper la participation, le d\u00e9sir des citoyens de s\u2019approprier leur quartier et de se mettre en projet.<\/li>\n<li>Valoriser l\u2019envie de s\u2019instruire, d\u2019\u00e9voluer, de partager les connaissances dans un cadre de travail collectif.<\/li>\n<li>Rassembler autour d\u2019un th\u00e8me, cr\u00e9er du lien social et interculturel et d\u00e9velopper l\u2019appartenance \u00e0 un quartier.<\/li>\n<li>Faire conna\u00eetre le potentiel culturel, architectural, cr\u00e9atif et artistique de notre r\u00e9gion.<\/li>\n<li>\u00a0Lutter contre l\u2019individualisme, redonner leur place \u00e0 la g\u00e9n\u00e9rosit\u00e9 et \u00e0 la solidarit\u00e9.<\/li>\n<\/ul>\n","protected":false},"excerpt":{"rendered":"<p>&nbsp; Une semaine d\u2019\u00e9v\u00e8nements sociaux, culturels et artistiques. Mais une ann\u00e9e\u00a0 pour \u2026 Construire\u00a0 \u2013 S\u2019exprimer S\u2019instruire- Se souvenir Sensibiliser \u2013 Valoriser Participer \u2013 Rassembler R\u00eaver Art et culture On pourrait croire que la culture populaire a \u00e9t\u00e9 r\u00e9duite \u00e0 n\u00e9ant par l\u2019envahissement des industries du divertissement\u2026 Pourtant des citoyens de toutes origines, issus de &hellip; <a href=\"https:\/\/maitallurgie.be\/2016\/quest-ce-que-maitallurgie\/\" class=\"more-link\">Continuer la lecture<span class=\"screen-reader-text\"> de &laquo;&nbsp;Qu&rsquo;est ce que MAI&rsquo;tallurgie ?&nbsp;&raquo;<\/span><\/a><\/p>\n","protected":false},"author":1,"featured_media":0,"parent":0,"menu_order":0,"comment_status":"closed","ping_status":"closed","template":"","meta":{"footnotes":""},"class_list":["post-89","page","type-page","status-publish","hentry"],"_links":{"self":[{"href":"https:\/\/maitallurgie.be\/2016\/wp-json\/wp\/v2\/pages\/89","targetHints":{"allow":["GET"]}}],"collection":[{"href":"https:\/\/maitallurgie.be\/2016\/wp-json\/wp\/v2\/pages"}],"about":[{"href":"https:\/\/maitallurgie.be\/2016\/wp-json\/wp\/v2\/types\/page"}],"author":[{"embeddable":true,"href":"https:\/\/maitallurgie.be\/2016\/wp-json\/wp\/v2\/users\/1"}],"replies":[{"embeddable":true,"href":"https:\/\/maitallurgie.be\/2016\/wp-json\/wp\/v2\/comments?post=89"}],"version-history":[{"count":8,"href":"https:\/\/maitallurgie.be\/2016\/wp-json\/wp\/v2\/pages\/89\/revisions"}],"predecessor-version":[{"id":205,"href":"https:\/\/maitallurgie.be\/2016\/wp-json\/wp\/v2\/pages\/89\/revisions\/205"}],"wp:attachment":[{"href":"https:\/\/maitallurgie.be\/2016\/wp-json\/wp\/v2\/media?parent=89"}],"curies":[{"name":"wp","href":"https:\/\/api.w.org\/{rel}","templated":true}]}}