{"id":59,"date":"2016-03-09T13:20:56","date_gmt":"2016-03-09T12:20:56","guid":{"rendered":"http:\/\/maitallurgie.be\/?page_id=59"},"modified":"2016-05-09T10:31:16","modified_gmt":"2016-05-09T09:31:16","slug":"partenaires","status":"publish","type":"page","link":"https:\/\/maitallurgie.be\/2016\/partenaires\/","title":{"rendered":"Partenaires"},"content":{"rendered":"<h1 style=\"text-align: center;\"><img loading=\"lazy\" decoding=\"async\" class=\"aligncenter wp-image-150 size-thumbnail\" src=\"http:\/\/maitallurgie.be\/wp-content\/uploads\/2016\/03\/Marchienne-Babel5cm-150x150.jpg\" alt=\"Marchienne Babel5cm\" width=\"150\" height=\"150\" \/><\/h1>\n<h1 style=\"text-align: center;\">Partenariats<\/h1>\n<p>&nbsp;<\/p>\n<p style=\"text-align: justify;\"><img loading=\"lazy\" decoding=\"async\" class=\"wp-image-97 aligncenter\" src=\"http:\/\/maitallurgie.be\/wp-content\/uploads\/2016\/03\/MaisonPourAssociations-300x240.jpg\" alt=\"MaisonPourAssociations\" width=\"128\" height=\"102\" srcset=\"https:\/\/maitallurgie.be\/2016\/wp-content\/uploads\/2016\/03\/MaisonPourAssociations-300x240.jpg 300w, https:\/\/maitallurgie.be\/2016\/wp-content\/uploads\/2016\/03\/MaisonPourAssociations-768x615.jpg 768w, https:\/\/maitallurgie.be\/2016\/wp-content\/uploads\/2016\/03\/MaisonPourAssociations-1024x819.jpg 1024w, https:\/\/maitallurgie.be\/2016\/wp-content\/uploads\/2016\/03\/MaisonPourAssociations.jpg 1181w\" sizes=\"auto, (max-width: 128px) 85vw, 128px\" \/><br \/>\nLa Maison Pour Associations : cr\u00e9\u00e9e fin 2000, est un centre de comp\u00e9tences et de support pour les\u00a0associations du territoire de Charleroi. Elle a pour but de promouvoir le r\u00e9seau associatif de Charleroi, de favoriser le d\u00e9veloppement de partenariats et de r\u00e9pondre aux besoins des associations en mati\u00e8re de services. Notre action est centr\u00e9e sur trois p\u00f4les de d\u00e9veloppement int\u00e9gr\u00e9, \u00e0 savoir : apporter un soutien logistique et m\u00e9thodologique aux initiatives associatives, favoriser le renforcement des comp\u00e9tences des acteurs associatifs, impulser et valoriser des initiatives dans le domaine non marchand.<\/p>\n<p><img loading=\"lazy\" decoding=\"async\" class=\"wp-image-104 aligncenter\" src=\"http:\/\/maitallurgie.be\/wp-content\/uploads\/2016\/03\/rockerill1.jpg\" alt=\"rockerill1\" width=\"131\" height=\"60\" \/><\/p>\n<p style=\"text-align: justify;\">Imposant symbole de notre faste pass\u00e9 industriel mais \u00e9galement t\u00e9moin impuissant du d\u00e9clin qui\u00a0s\u2019en suivit, les Forges de la Providence ont pu rena\u00eetre de leurs cendres voici quelques ann\u00e9es gr\u00e2ce \u00e0 la d\u00e9termination et la cr\u00e9ativit\u00e9 d\u2019un collectif d\u2019artistes amoureux du Pays Noir. Depuis sa cr\u00e9ation, le Rockerill s\u2019est donn\u00e9 pour mission de f\u00e9d\u00e9rer et valoriser des artistes locaux, de mettre \u00e0 disposition un espace d\u2019expression ouvert \u00e0 tous et d\u2019organiser des \u00e9v\u00e9nements culturels et artistiques multidisciplinaires tout en assurant la sauvegarde de ce patrimoine exceptionnel<\/p>\n<p>&nbsp;<\/p>\n<p><img loading=\"lazy\" decoding=\"async\" class=\"wp-image-147 aligncenter\" src=\"http:\/\/maitallurgie.be\/wp-content\/uploads\/2016\/03\/big_Logo-GSARA_RVB-Vecto-229x300.jpg\" alt=\"big_Logo GSARA_RVB (Vecto)\" width=\"62\" height=\"73\" \/><\/p>\n<p style=\"text-align: justify;\">Le Gsara\u00a0est un mouvement d&rsquo;\u00e9ducation permanente actif dans l&rsquo;\u00e9ducation aux m\u00e9dias. Il organise\u00a0nombres d&rsquo;ateliers d&rsquo;expression audiovisuelle, d&rsquo;actions de sensibilisation, etc. Cette ann\u00e9e, l&rsquo;asbl est partenaire du festival Maitallurgie.<\/p>\n<p>&nbsp;<\/p>\n<p><img loading=\"lazy\" decoding=\"async\" class=\"wp-image-92 aligncenter\" src=\"http:\/\/maitallurgie.be\/wp-content\/uploads\/2016\/03\/Cr\u00e9ad\u00e2mes-300x88.jpg\" alt=\"Cr\u00e9ad'\u00e2mes\" width=\"181\" height=\"53\" srcset=\"https:\/\/maitallurgie.be\/2016\/wp-content\/uploads\/2016\/03\/Cr\u00e9ad\u00e2mes-300x88.jpg 300w, https:\/\/maitallurgie.be\/2016\/wp-content\/uploads\/2016\/03\/Cr\u00e9ad\u00e2mes-768x225.jpg 768w, https:\/\/maitallurgie.be\/2016\/wp-content\/uploads\/2016\/03\/Cr\u00e9ad\u00e2mes-1024x300.jpg 1024w, https:\/\/maitallurgie.be\/2016\/wp-content\/uploads\/2016\/03\/Cr\u00e9ad\u00e2mes.jpg 1152w\" sizes=\"auto, (max-width: 181px) 85vw, 181px\" \/><\/p>\n<p style=\"text-align: justify;\">Cr\u00e9ad&rsquo;\u00e2mes est un groupe de citoyens de la Porte Ouest de Charleroi et de ses environs qui puise sa richesse\u00a0dans la diff\u00e9rence. Implant\u00e9 au sein de l\u2019Espace Citoyen, ce projet cr\u00e9\u00e9 en 2002 rassemble actuellement une trentaine de\u00a0 personnes de cultures, d\u2019horizons et d\u2019\u00e2ges diff\u00e9rents autour de diverses actions culturelles au sein du quartier.\u00a0 Le but poursuivi par le Collectif <strong>Cr\u00e9ad\u2019\u00e2mes<\/strong> est d\u2019amener les participants \u00e0 se fixer des objectifs communs et d\u2019\u0153uvrer ensemble \u00e0 la concr\u00e9tisation de ceux-ci. Cette dynamique se traduit par la r\u00e9alisation de projets culturels proches des habitants afin de les sensibiliser \u00e0 la vie de quartier. Des outils artistiques et p\u00e9dagogiques sont \u00e9galement mis en place afin de collecter et de garantir la p\u00e9rennit\u00e9 de la m\u00e9moire\u00a0ouvri\u00e8re de la commune. Cette belle aventure humaine donne lieu \u00e0 la participation collective \u00e0 la vie sociale et est une \u00e9tape importante vers la cohabitation, la solidarit\u00e9 et la connaissance.<\/p>\n<p>&nbsp;<\/p>\n<p style=\"text-align: justify;\">\u00a0<img loading=\"lazy\" decoding=\"async\" class=\"wp-image-95 aligncenter\" src=\"http:\/\/maitallurgie.be\/wp-content\/uploads\/2016\/03\/logo-bon-homme-300x183.jpg\" alt=\"logo bon homme\" width=\"128\" height=\"78\" srcset=\"https:\/\/maitallurgie.be\/2016\/wp-content\/uploads\/2016\/03\/logo-bon-homme-300x183.jpg 300w, https:\/\/maitallurgie.be\/2016\/wp-content\/uploads\/2016\/03\/logo-bon-homme-768x468.jpg 768w, https:\/\/maitallurgie.be\/2016\/wp-content\/uploads\/2016\/03\/logo-bon-homme.jpg 769w\" sizes=\"auto, (max-width: 128px) 85vw, 128px\" \/><br \/>\nPrendre un nouveau d\u00e9part, changer d\u2019orientation, d\u00e9velopper des perspectives professionnelles\u00a0diff\u00e9rentes ou tout simplement s\u2019accorder un peu de temps \u00e0 travers un projet collectif d\u00e9clin\u00e9 en ateliers cr\u00e9atifs, voici la formule originale que propose Avanti (centre d\u2019insertion socioprofessionnelle). Au-del\u00e0 de l\u2019aide apport\u00e9e dans les d\u00e9marches individuelles de chacun, la dynamique \u00e9quipe d\u2019Avanti met un point d\u2019honneur \u00e0 inscrire ses projets dans une d\u00e9marche d\u2019ouverture vers l\u2019ext\u00e9rieur et privil\u00e9gie de nombreuses collaborations avec les diff\u00e9rentes forces vives en pr\u00e9sence (habitants, collectifs, associations\u2026) afin de favoriser son ancrage sur ce lieu de vie qu\u2019est le quartier.<\/p>\n<p>&nbsp;<\/p>\n<p style=\"text-align: justify;\"><img loading=\"lazy\" decoding=\"async\" class=\"wp-image-101 aligncenter\" src=\"http:\/\/maitallurgie.be\/wp-content\/uploads\/2016\/03\/action-quartier-237x300.png\" alt=\"action quartier\" width=\"91\" height=\"112\" \/><\/p>\n<p style=\"text-align: justify;\">Espace citoyen \u00a0Porte Ouest: les espaces citoyens d\u00e9velopp\u00e9s au sein du CPAS de Charleroi font partie du dispositif d&rsquo;actions de quartier mis\u00a0en place sur des territoires qui cumulent des difficult\u00e9s \u00e9conomiques et sociales importantes.\u00a0 Chaque quartier, aussi d\u00e9favoris\u00e9 soit-il, porte en lui un capital social qui peut \u00eatre d\u00e9velopp\u00e9 gr\u00e2ce \u00e0 l&rsquo;am\u00e9lioration du lien social entre les habitants. L&rsquo;espace citoyen\u00a0 Porte Ouest dope une dynamique de mobilisation en unissant l&rsquo;implication des habitants et la mise en mouvement des forces vives du quartier apr\u00e8s l&rsquo;\u00e9tablissement d&rsquo;un diagnostic des probl\u00e8mes qui s&rsquo;y posent..<\/p>\n<p><img loading=\"lazy\" decoding=\"async\" class=\"size-full wp-image-103 aligncenter\" src=\"http:\/\/maitallurgie.be\/wp-content\/uploads\/2016\/03\/am.jpg\" alt=\"am\" width=\"39\" height=\"60\" \/><\/p>\n<p style=\"text-align: justify;\">Fond\u00e9e en 1873, l\u2019acad\u00e9mie de musique de Marchienne-au-Pont n\u2019a cess\u00e9 de se d\u00e9velopper et de s\u2019enrichir de nouveaux cours dans les domaines de la musique et des arts de la parole. C\u2019est gr\u00e2ce \u00e0 l\u2019enthousiasme d\u2019une \u00e9quipe p\u00e9dagogique constitu\u00e9e d\u2019une quarantaine de professeurs et \u00e0 la qualit\u00e9 de son enseignement\u00a0 que l\u2019\u00e9tablissement a acquis, au fil des ans, une renomm\u00e9e certaine.\u00a0Cet enseignement permet de mener les \u00e9l\u00e8ves les plus talentueux aux portes des \u00e9tudes sup\u00e9rieures mais se veut principalement un outil d\u2019\u00e9panouissement artistique et culturel accessible aux amateurs de tous \u00e2ges.<\/p>\n<p>&nbsp;<\/p>\n<p style=\"text-align: left;\"><img loading=\"lazy\" decoding=\"async\" class=\"size-full wp-image-360 aligncenter\" src=\"http:\/\/maitallurgie.be\/wp-content\/uploads\/2016\/03\/logo-imp.jpg\" alt=\"logo imp\" width=\"160\" height=\"160\" srcset=\"https:\/\/maitallurgie.be\/2016\/wp-content\/uploads\/2016\/03\/logo-imp.jpg 160w, https:\/\/maitallurgie.be\/2016\/wp-content\/uploads\/2016\/03\/logo-imp-150x150.jpg 150w, https:\/\/maitallurgie.be\/2016\/wp-content\/uploads\/2016\/03\/logo-imp-88x88.jpg 88w\" sizes=\"auto, (max-width: 160px) 85vw, 160px\" \/><\/p>\n<p><strong> \u00a0<\/strong>Un enseignement sp\u00e9cialis\u00e9 dont les sp\u00e9cificit\u00e9s sont :<\/p>\n<ul>\n<li>\u00a0un enseignement adapt\u00e9 au rythme de chacun<\/li>\n<li>des normes d&rsquo;encadrement privil\u00e9gi\u00e9es qui permettent l&rsquo;individualisation de l&rsquo;enseignement (plan individuel d&rsquo;apprentissage).<\/li>\n<li>du personnel param\u00e9dical, psychologique et social qui compl\u00e8te l&rsquo;\u00e9quipe \u00e9ducative.<\/li>\n<li>\u00a0un centre psycho-m\u00e9dicosocial sp\u00e9cialis\u00e9 qui assiste le conseil de classe.<\/li>\n<\/ul>\n<p style=\"text-align: justify;\"><img loading=\"lazy\" decoding=\"async\" class=\"wp-image-352 aligncenter\" src=\"http:\/\/maitallurgie.be\/wp-content\/uploads\/2016\/03\/logo-ecole-etoile.png\" alt=\"logo ecole etoile\" width=\"113\" height=\"83\" \/><\/p>\n<p style=\"text-align: justify;\">Ecole des \u00e9toiles :<\/p>\n<p style=\"text-align: justify;\">Non confessionnelle et ouverte \u00e0 tous, elle respecte toutes les convictions philosophiques et religieuses, laissant aux parents le libre choix des cours philosophiques qui seront dispens\u00e9s \u00e0 leurs enfants et proposant \u00e0 ceux-ci de d\u00e9couvrir les \u00e9l\u00e9ments culturels et festifs des diff\u00e9rentes traditions repr\u00e9sent\u00e9es.\u00a0Consciente que l&rsquo;un des d\u00e9fis majeurs de notre soci\u00e9t\u00e9 est de prendre sa place de citoyen, acteur de changement et responsable de la plan\u00e8te qui nous accueille, elle veut mettre l&rsquo;enfant en situation de dialogue, d&rsquo;ouverture et d&rsquo;implication sociale&#8230; Impr\u00e9gn\u00e9e par la p\u00e9dagogie du projet, elle souhaite proposer aux \u00e9l\u00e8ves des pratiques d&rsquo;apprentissages et de transferts de ceux-ci actives et dynamiques pour donner du sens \u00e0 ce que l&rsquo;on apprend.<\/p>\n<p style=\"text-align: justify;\"><img loading=\"lazy\" decoding=\"async\" class=\"wp-image-152 aligncenter\" src=\"http:\/\/maitallurgie.be\/wp-content\/uploads\/2016\/03\/logo_MDT_charleroi-300x155.jpg\" alt=\"logo_MDT_charleroi\" width=\"144\" height=\"74\" srcset=\"https:\/\/maitallurgie.be\/2016\/wp-content\/uploads\/2016\/03\/logo_MDT_charleroi-300x155.jpg 300w, https:\/\/maitallurgie.be\/2016\/wp-content\/uploads\/2016\/03\/logo_MDT_charleroi-768x397.jpg 768w, https:\/\/maitallurgie.be\/2016\/wp-content\/uploads\/2016\/03\/logo_MDT_charleroi.jpg 782w\" sizes=\"auto, (max-width: 144px) 85vw, 144px\" \/><\/p>\n<p style=\"text-align: justify;\">La mission essentielle de la Maison du Tourisme consiste d&rsquo;une part, \u00e0 assurer l&rsquo;accueil et l&rsquo;information permanents des touristes sur le territoire des communes associ\u00e9es, et d&rsquo;autre part, \u00e0 soutenir les activit\u00e9s touristiques \u00e0 ce ressort. Son objectif est le d\u00e9veloppement du tourisme urbain et culturel, de pr\u00e9f\u00e9rence le tourisme de s\u00e9jour dont le public cible est la client\u00e8le \u00e9trang\u00e8re arrivant \u00e0 l&rsquo;a\u00e9roport de Charleroi et celle logeant aux Lacs de l&rsquo;Eau d&rsquo;Heure ou dans les g\u00eetes du sud de Charleroi. La Maison du Tourisme sensibilise les d\u00e9cideurs \u00e0 inclure la dimension touristique dans les r\u00e9flexions en mati\u00e8re d&rsquo;am\u00e9nagement du territoire et des sites.\u00a0 La valorisation du patrimoine mat\u00e9riel et immat\u00e9riel reste l&rsquo;une des priorit\u00e9s du d\u00e9veloppement touristique. La r\u00e9ussite du tourisme urbain d\u00e9pendra \u00e9galement par la r\u00e9ussite de la r\u00e9novation du centre-ville.<\/p>\n<p style=\"text-align: center;\">Popular cit\u00e9<\/p>\n<p style=\"text-align: center;\">\n<p style=\"text-align: center;\"><img loading=\"lazy\" decoding=\"async\" class=\"alignnone  wp-image-1079\" src=\"http:\/\/maitallurgie.be\/wp-content\/uploads\/2016\/03\/espaceanto.jpg\" alt=\"espaceanto\" width=\"265\" height=\"115\" srcset=\"https:\/\/maitallurgie.be\/2016\/wp-content\/uploads\/2016\/03\/espaceanto.jpg 829w, https:\/\/maitallurgie.be\/2016\/wp-content\/uploads\/2016\/03\/espaceanto-300x131.jpg 300w\" sizes=\"auto, (max-width: 265px) 85vw, 265px\" \/><\/p>\n<p style=\"text-align: center;\">\n<p style=\"text-align: left;\">Les projets d\u2019am\u00e9nagement ou d\u2019implantation d\u2019\u00e9quipements d\u2019envergure suscitent g\u00e9n\u00e9ralement de nombreuses craintes et r\u00e9actions de rejet de la part des populations riveraines, qui \u00e9voluent parfois en conflit ouvert. Cette \u00e9volution est surtout observ\u00e9e lorsque les conditions d\u2019information et de dialogue ne sont pas remplies aux diff\u00e9rentes \u00e9tapes de mise en place du projet.Espace Environnement intervient en tant qu\u2019animateur de la concertation.<\/p>\n<p style=\"text-align: left;\">C\u2019est pr\u00e9cis\u00e9ment sur ce travail d\u2019information adapt\u00e9e et d\u2019instauration d\u2019un espace de dialogue serein que l\u2019expertise d\u2019Espace Environnement peut \u00eatre mise \u00e0 profit pour donner aux riverains et parties prenantes la possibilit\u00e9 et les moyens d\u2019exprimer leurs craintes et leurs attentes, de s\u2019informer des besoins des autres acteurs , de comprendre les enjeux en mati\u00e8re d\u2019environnement, d\u2019urbanisme, d\u2019am\u00e9nagement du territoire et d\u2019\u00e9conomie , &#8230;<\/p>\n<p style=\"text-align: left;\">Partant du postulat qu\u2019une reconversion r\u00e9ussie est une reconversion adopt\u00e9e par les citoyens, nous nous questionnerons sur la mani\u00e8re d\u2019atteindre cet enjeu social et tenterons de d\u00e9gager des recommandations, pr\u00e9sent\u00e9es sous une forme originale et ludique.<\/p>\n<p style=\"text-align: center;\"><img loading=\"lazy\" decoding=\"async\" class=\"alignnone  wp-image-1078\" src=\"http:\/\/maitallurgie.be\/wp-content\/uploads\/2016\/03\/logoSecteur42.jpg\" alt=\"logoSecteur42\" width=\"193\" height=\"147\" \/><\/p>\n<p style=\"text-align: left;\"><a href=\"http:\/\/www.secteur42.be\" target=\"_blank\">SECTEUR 42<\/a> est une maison de jeunes reconnues par la\u00a0F\u00e9d\u00e9ration Wallonie-Bruxelles\u00a0en cat\u00e9gorie 1.\u00a0Situ\u00e9e \u00e0 Lodelinsart, \u00e0 10 minutes du centre-ville de CHARLEROI, La Maison de Jeunes \u00ab Secteur 42 \u00bb poss\u00e8de une grande salle, id\u00e9ale pour organiser des \u00e9v\u00e8nements culturels de moyenne envergure tels que des concerts.<\/p>\n","protected":false},"excerpt":{"rendered":"<p>Partenariats &nbsp; La Maison Pour Associations : cr\u00e9\u00e9e fin 2000, est un centre de comp\u00e9tences et de support pour les\u00a0associations du territoire de Charleroi. Elle a pour but de promouvoir le r\u00e9seau associatif de Charleroi, de favoriser le d\u00e9veloppement de partenariats et de r\u00e9pondre aux besoins des associations en mati\u00e8re de services. Notre action est &hellip; <a href=\"https:\/\/maitallurgie.be\/2016\/partenaires\/\" class=\"more-link\">Continuer la lecture<span class=\"screen-reader-text\"> de &laquo;&nbsp;Partenaires&nbsp;&raquo;<\/span><\/a><\/p>\n","protected":false},"author":1,"featured_media":0,"parent":0,"menu_order":0,"comment_status":"closed","ping_status":"closed","template":"","meta":{"footnotes":""},"class_list":["post-59","page","type-page","status-publish","hentry"],"_links":{"self":[{"href":"https:\/\/maitallurgie.be\/2016\/wp-json\/wp\/v2\/pages\/59","targetHints":{"allow":["GET"]}}],"collection":[{"href":"https:\/\/maitallurgie.be\/2016\/wp-json\/wp\/v2\/pages"}],"about":[{"href":"https:\/\/maitallurgie.be\/2016\/wp-json\/wp\/v2\/types\/page"}],"author":[{"embeddable":true,"href":"https:\/\/maitallurgie.be\/2016\/wp-json\/wp\/v2\/users\/1"}],"replies":[{"embeddable":true,"href":"https:\/\/maitallurgie.be\/2016\/wp-json\/wp\/v2\/comments?post=59"}],"version-history":[{"count":14,"href":"https:\/\/maitallurgie.be\/2016\/wp-json\/wp\/v2\/pages\/59\/revisions"}],"predecessor-version":[{"id":1080,"href":"https:\/\/maitallurgie.be\/2016\/wp-json\/wp\/v2\/pages\/59\/revisions\/1080"}],"wp:attachment":[{"href":"https:\/\/maitallurgie.be\/2016\/wp-json\/wp\/v2\/media?parent=59"}],"curies":[{"name":"wp","href":"https:\/\/api.w.org\/{rel}","templated":true}]}}