{"id":41,"date":"2016-03-02T16:00:22","date_gmt":"2016-03-02T15:00:22","guid":{"rendered":"http:\/\/maitallurgie.be\/?page_id=41"},"modified":"2016-03-18T14:49:01","modified_gmt":"2016-03-18T13:49:01","slug":"a-propos","status":"publish","type":"page","link":"https:\/\/maitallurgie.be\/2016\/a-propos\/","title":{"rendered":"A propos"},"content":{"rendered":"<h1 style=\"text-align: center;\"><span style=\"color: #ff0000;\">Festival MAI\u2019tallurgie 2016 :\u00a0\u00ab On s\u2019en friche pas \u00bb\u00a0<\/span><\/h1>\n<p><img loading=\"lazy\" decoding=\"async\" class=\"size-medium wp-image-371 aligncenter\" src=\"http:\/\/maitallurgie.be\/wp-content\/uploads\/2016\/03\/2016-212x300.jpg\" alt=\"2016\" width=\"212\" height=\"300\" srcset=\"https:\/\/maitallurgie.be\/2016\/wp-content\/uploads\/2016\/03\/2016-212x300.jpg 212w, https:\/\/maitallurgie.be\/2016\/wp-content\/uploads\/2016\/03\/2016-1414x2000.jpg 1414w\" sizes=\"auto, (max-width: 212px) 85vw, 212px\" \/><\/p>\n<p style=\"text-align: justify;\">Sous le brouillard industriel de Charleroi, une fourmili\u00e8re d\u2019habitants de toutes les couleurs et de tous les \u00e2ges travaille \u00e0 lui donner un nouveau visage tout en pr\u00e9servant son riche pass\u00e9.<\/p>\n<p style=\"text-align: justify;\">Les changements \u00e9conomiques ont modifi\u00e9 le paysage de la ville. L\u00e0 o\u00f9\u00a0 existaient l\u2019activit\u00e9, la solidarit\u00e9, la vie, il ne reste souvent que des friches industrielles et de douloureuses friches \u00ab humaines \u00bb.\u00a0 Le festival aura pour objectif, entre autres, de transmettre aux jeunes, la m\u00e9moire collective li\u00e9e \u00e0 la m\u00e9tallurgie.<\/p>\n<p style=\"text-align: justify;\">Sa priorit\u00e9 est de partager avec d\u2019autres associations et des professionnels des Arts, un projet multiculturel et interg\u00e9n\u00e9rationnel ayant un th\u00e8me f\u00e9d\u00e9rateur et aussi de faciliter aux citoyens de toutes conditions l\u2019acc\u00e8s \u00e0 diverses formes de culture.<\/p>\n<p style=\"text-align: justify;\">Il devra \u00e9galement comprendre des \u00e9l\u00e9ments de compr\u00e9hension du d\u00e9clin du quartier ainsi que des \u00e9l\u00e9ments pour r\u00eaver son avenir. Pass\u00e9, pr\u00e9sent et futur seront \u00e9quitablement repr\u00e9sent\u00e9s dans le festival Ce projet donnera lieu \u00e0 la participation collective de la vie sociale et sera une \u00e9tape importante vers la cohabitation, la solidarit\u00e9 et la connaissance.<\/p>\n<p style=\"text-align: justify;\">\n","protected":false},"excerpt":{"rendered":"<p>Festival MAI\u2019tallurgie 2016 :\u00a0\u00ab On s\u2019en friche pas \u00bb\u00a0 Sous le brouillard industriel de Charleroi, une fourmili\u00e8re d\u2019habitants de toutes les couleurs et de tous les \u00e2ges travaille \u00e0 lui donner un nouveau visage tout en pr\u00e9servant son riche pass\u00e9. Les changements \u00e9conomiques ont modifi\u00e9 le paysage de la ville. L\u00e0 o\u00f9\u00a0 existaient l\u2019activit\u00e9, la &hellip; <a href=\"https:\/\/maitallurgie.be\/2016\/a-propos\/\" class=\"more-link\">Continuer la lecture<span class=\"screen-reader-text\"> de &laquo;&nbsp;A propos&nbsp;&raquo;<\/span><\/a><\/p>\n","protected":false},"author":1,"featured_media":0,"parent":0,"menu_order":0,"comment_status":"closed","ping_status":"closed","template":"","meta":{"footnotes":""},"class_list":["post-41","page","type-page","status-publish","hentry"],"_links":{"self":[{"href":"https:\/\/maitallurgie.be\/2016\/wp-json\/wp\/v2\/pages\/41","targetHints":{"allow":["GET"]}}],"collection":[{"href":"https:\/\/maitallurgie.be\/2016\/wp-json\/wp\/v2\/pages"}],"about":[{"href":"https:\/\/maitallurgie.be\/2016\/wp-json\/wp\/v2\/types\/page"}],"author":[{"embeddable":true,"href":"https:\/\/maitallurgie.be\/2016\/wp-json\/wp\/v2\/users\/1"}],"replies":[{"embeddable":true,"href":"https:\/\/maitallurgie.be\/2016\/wp-json\/wp\/v2\/comments?post=41"}],"version-history":[{"count":5,"href":"https:\/\/maitallurgie.be\/2016\/wp-json\/wp\/v2\/pages\/41\/revisions"}],"predecessor-version":[{"id":374,"href":"https:\/\/maitallurgie.be\/2016\/wp-json\/wp\/v2\/pages\/41\/revisions\/374"}],"wp:attachment":[{"href":"https:\/\/maitallurgie.be\/2016\/wp-json\/wp\/v2\/media?parent=41"}],"curies":[{"name":"wp","href":"https:\/\/api.w.org\/{rel}","templated":true}]}}

<h1 style="text-align: center;"><span style="color: #ff0000;">Festival MAI’tallurgie 2016 : « On s’en friche pas » </span></h1>
<p><img loading="lazy" decoding="async" class="size-medium wp-image-371 aligncenter" src="http://maitallurgie.be/wp-content/uploads/2016/03/2016-212x300.jpg" alt="2016" width="212" height="300" srcset="https://maitallurgie.be/2016/wp-content/uploads/2016/03/2016-212x300.jpg 212w, https://maitallurgie.be/2016/wp-content/uploads/2016/03/2016-1414x2000.jpg 1414w" sizes="auto, (max-width: 212px) 85vw, 212px" /></p>
<p style="text-align: justify;">Sous le brouillard industriel de Charleroi, une fourmilière d’habitants de toutes les couleurs et de tous les âges travaille à lui donner un nouveau visage tout en préservant son riche passé.</p>
<p style="text-align: justify;">Les changements économiques ont modifié le paysage de la ville. Là où  existaient l’activité, la solidarité, la vie, il ne reste souvent que des friches industrielles et de douloureuses friches « humaines ».  Le festival aura pour objectif, entre autres, de transmettre aux jeunes, la mémoire collective liée à la métallurgie.</p>
<p style="text-align: justify;">Sa priorité est de partager avec d’autres associations et des professionnels des Arts, un projet multiculturel et intergénérationnel ayant un thème fédérateur et aussi de faciliter aux citoyens de toutes conditions l’accès à diverses formes de culture.</p>
<p style="text-align: justify;">Il devra également comprendre des éléments de compréhension du déclin du quartier ainsi que des éléments pour rêver son avenir. Passé, présent et futur seront équitablement représentés dans le festival Ce projet donnera lieu à la participation collective de la vie sociale et sera une étape importante vers la cohabitation, la solidarité et la connaissance.</p>
<p style="text-align: justify;">

<p>Festival MAI’tallurgie 2016 : « On s’en friche pas »  Sous le brouillard industriel de Charleroi, une fourmilière d’habitants de toutes les couleurs et de tous les âges travaille à lui donner un nouveau visage tout en préservant son riche passé. Les changements économiques ont modifié le paysage de la ville. Là où  existaient l’activité, la &hellip; <a href="https://maitallurgie.be/2016/a-propos/" class="more-link">Continuer la lecture<span class="screen-reader-text"> de &laquo;&nbsp;A propos&nbsp;&raquo;</span></a></p>
