{"id":399,"date":"2016-03-21T09:20:33","date_gmt":"2016-03-21T08:20:33","guid":{"rendered":"http:\/\/maitallurgie.be\/?page_id=399"},"modified":"2018-01-15T11:42:39","modified_gmt":"2018-01-15T10:42:39","slug":"2008-2","status":"publish","type":"page","link":"https:\/\/maitallurgie.be\/2016\/2008-2\/","title":{"rendered":"2008 : l&rsquo;art et le m\u00e9tal"},"content":{"rendered":"<p><img loading=\"lazy\" decoding=\"async\" class=\"alignnone size-medium wp-image-366\" src=\"http:\/\/maitallurgie.be\/wp-content\/uploads\/2016\/03\/2008-212x300.jpg\" alt=\"2008\" width=\"212\" height=\"300\" srcset=\"https:\/\/maitallurgie.be\/2016\/wp-content\/uploads\/2016\/03\/2008-212x300.jpg 212w, https:\/\/maitallurgie.be\/2016\/wp-content\/uploads\/2016\/03\/2008.jpg 585w\" sizes=\"auto, (max-width: 212px) 85vw, 212px\" \/><\/p>\n<p>&nbsp;<\/p>\n<p>C\u2019est le m\u00e9tal \u00e0 travers le temps dans toutes ces acceptations, exprim\u00e9es dans toutes les disciplines artistiques.<\/p>\n<p>Un succ\u00e8s ind\u00e9niable pour toutes les r\u00e9alisations par ex. son et lumi\u00e8re +- 2.000 personnes \u2013 Soir\u00e9e d\u2019inauguration : 1.000 personnes \u2013 la promenade insolite \u00e0 travers le quartier \u00ab Faut l\u2019Fer \u00bb : 800 personnes \u2013 Le cabaret insolite \u00ab La Cantil\u00e8ne F\u00e9roce \u00bb : 350 personnes \u2013 les expos citoyennes et les concerts : 850 personnes<\/p>\n<p>[slideshow_deploy id=&rsquo;375&prime;]<\/p>\n","protected":false},"excerpt":{"rendered":"<p>&nbsp; C\u2019est le m\u00e9tal \u00e0 travers le temps dans toutes ces acceptations, exprim\u00e9es dans toutes les disciplines artistiques. Un succ\u00e8s ind\u00e9niable pour toutes les r\u00e9alisations par ex. son et lumi\u00e8re +- 2.000 personnes \u2013 Soir\u00e9e d\u2019inauguration : 1.000 personnes \u2013 la promenade insolite \u00e0 travers le quartier \u00ab Faut l\u2019Fer \u00bb : 800 personnes \u2013 &hellip; <a href=\"https:\/\/maitallurgie.be\/2016\/2008-2\/\" class=\"more-link\">Continuer la lecture<span class=\"screen-reader-text\"> de &laquo;&nbsp;2008 : l&rsquo;art et le m\u00e9tal&nbsp;&raquo;<\/span><\/a><\/p>\n","protected":false},"author":5,"featured_media":0,"parent":0,"menu_order":0,"comment_status":"closed","ping_status":"closed","template":"","meta":{"footnotes":""},"class_list":["post-399","page","type-page","status-publish","hentry"],"_links":{"self":[{"href":"https:\/\/maitallurgie.be\/2016\/wp-json\/wp\/v2\/pages\/399","targetHints":{"allow":["GET"]}}],"collection":[{"href":"https:\/\/maitallurgie.be\/2016\/wp-json\/wp\/v2\/pages"}],"about":[{"href":"https:\/\/maitallurgie.be\/2016\/wp-json\/wp\/v2\/types\/page"}],"author":[{"embeddable":true,"href":"https:\/\/maitallurgie.be\/2016\/wp-json\/wp\/v2\/users\/5"}],"replies":[{"embeddable":true,"href":"https:\/\/maitallurgie.be\/2016\/wp-json\/wp\/v2\/comments?post=399"}],"version-history":[{"count":5,"href":"https:\/\/maitallurgie.be\/2016\/wp-json\/wp\/v2\/pages\/399\/revisions"}],"predecessor-version":[{"id":417,"href":"https:\/\/maitallurgie.be\/2016\/wp-json\/wp\/v2\/pages\/399\/revisions\/417"}],"wp:attachment":[{"href":"https:\/\/maitallurgie.be\/2016\/wp-json\/wp\/v2\/media?parent=399"}],"curies":[{"name":"wp","href":"https:\/\/api.w.org\/{rel}","templated":true}]}}