{"id":2,"date":"2023-05-22T13:35:07","date_gmt":"2023-05-22T11:35:07","guid":{"rendered":"http:\/\/maitallurgie.be\/2024\/?page_id=2"},"modified":"2023-05-22T14:25:17","modified_gmt":"2023-05-22T12:25:17","slug":"page-d-exemple","status":"publish","type":"page","link":"http:\/\/maitallurgie.be\/2024\/page-d-exemple\/","title":{"rendered":"\u00e0 propos"},"content":{"rendered":"\n<p><strong>Sous le brouillard industriel de Charleroi, une fourmili\u00e8re d\u2019habitants de toutes les couleurs et de tous les \u00e2ges travaille \u00e0 lui donner un nouveau visage tout en pr\u00e9servant son riche pass\u00e9.<\/strong><\/p>\n\n\n\n<p>Les changements \u00e9conomiques ont modifi\u00e9 le paysage de la ville. L\u00e0 o\u00f9 existaient l\u2019activit\u00e9, la solidarit\u00e9, la vie, il ne reste souvent que des friches industrielles et de douloureuses friches \u00ab humaines \u00bb.<\/p>\n\n\n<div class=\"wp-block-image\">\n<figure class=\"alignright\"><img decoding=\"async\" src=\"http:\/\/maitallurgie.be\/2022\/wp-content\/uploads\/2021\/10\/Marchienne-Babel5cm-278x300-1.jpg\" alt=\"\" class=\"wp-image-109\"\/><\/figure>\n<\/div>\n\n\n<p>Le festival aura pour objectif, entre autres, de transmettre aux jeunes, la m\u00e9moire collective li\u00e9e \u00e0 la m\u00e9tallurgie.<\/p>\n\n\n\n<p>Sa priorit\u00e9 est de partager avec d\u2019autres associations et des professionnels des Arts, un projet multiculturel et interg\u00e9n\u00e9rationnel ayant un th\u00e8me f\u00e9d\u00e9rateur et aussi de faciliter aux citoyens de toutes conditions l\u2019acc\u00e8s \u00e0 diverses formes de culture.<\/p>\n\n\n\n<p>Il devra \u00e9galement comprendre des \u00e9l\u00e9ments de compr\u00e9hension du d\u00e9clin du quartier ainsi que des \u00e9l\u00e9ments pour r\u00eaver son avenir. Pass\u00e9, pr\u00e9sent et futur seront \u00e9quitablement repr\u00e9sent\u00e9s dans le festival Ce projet donnera lieu \u00e0 la participation collective de la vie sociale et sera une \u00e9tape importante vers la cohabitation, la solidarit\u00e9 et la connaissance.<\/p>\n\n\n\n<p>Vous pourriez \u00eatre un artiste et vouloir pr\u00e9senter vos travaux et vous m\u00eame ou encore \u00eatre une entreprise avec une mission \u00e0 promouvoir.<\/p>\n","protected":false},"excerpt":{"rendered":"<p>Sous le brouillard industriel de Charleroi, une fourmili\u00e8re d\u2019habitants de toutes les couleurs et de tous les \u00e2ges travaille \u00e0 lui donner un nouveau visage tout en pr\u00e9servant son riche pass\u00e9. Les changements \u00e9conomiques ont modifi\u00e9 le paysage de la ville. L\u00e0 o\u00f9 existaient l\u2019activit\u00e9, la solidarit\u00e9, la vie, il ne reste souvent que des &hellip; <\/p>\n","protected":false},"author":1,"featured_media":0,"parent":0,"menu_order":0,"comment_status":"closed","ping_status":"open","template":"","meta":{"footnotes":""},"class_list":["post-2","page","type-page","status-publish","hentry","latest_post"],"_links":{"self":[{"href":"http:\/\/maitallurgie.be\/2024\/wp-json\/wp\/v2\/pages\/2","targetHints":{"allow":["GET"]}}],"collection":[{"href":"http:\/\/maitallurgie.be\/2024\/wp-json\/wp\/v2\/pages"}],"about":[{"href":"http:\/\/maitallurgie.be\/2024\/wp-json\/wp\/v2\/types\/page"}],"author":[{"embeddable":true,"href":"http:\/\/maitallurgie.be\/2024\/wp-json\/wp\/v2\/users\/1"}],"replies":[{"embeddable":true,"href":"http:\/\/maitallurgie.be\/2024\/wp-json\/wp\/v2\/comments?post=2"}],"version-history":[{"count":1,"href":"http:\/\/maitallurgie.be\/2024\/wp-json\/wp\/v2\/pages\/2\/revisions"}],"predecessor-version":[{"id":30,"href":"http:\/\/maitallurgie.be\/2024\/wp-json\/wp\/v2\/pages\/2\/revisions\/30"}],"wp:attachment":[{"href":"http:\/\/maitallurgie.be\/2024\/wp-json\/wp\/v2\/media?parent=2"}],"curies":[{"name":"wp","href":"https:\/\/api.w.org\/{rel}","templated":true}]}}